49, 157
List the prime factors of 414578.
2, 97, 2137
List the prime factors of 298743.
3, 99581
What are the prime factors of 834152?
2, 11, 9479
What are the prime factors of 575223?
3, 11, 17431
List the prime factors of 383943.
3, 7, 47, 389
List the prime factors of 415081.
23, 18047
List the prime factors of 53164.
2, 13291
What are the prime factors of 1769445?
3, 5, 17, 257
What are the prime factors of 142759?
142759
What are the prime factors of 529164?
2, 3, 14699
What are the prime factors of 165031?
79, 2089
List the prime factors of 2069610.
2, 3, 5, 149, 463
What are the prime factors of 2551338?
2, 3, 15749
List the prime factors of 1626119.
11, 89, 151
What are the prime factors of 43539?
3, 23, 631
What are the prime factors of 725714?
2, 11, 32987
List the prime factors of 478425.
3, 5, 6379
What are the prime factors of 7913715?
3, 5, 527581
List the prime factors of 705079.
705079
What are the prime factors of 56727?
3, 11, 191
List the prime factors of 18698315.
5, 3739663
What are the prime factors of 68671?
43, 1597
What are the prime factors of 1686243?
3, 13, 43237
What are the prime factors of 2126713?
199, 10687
What are the prime factors of 380410?
2, 5, 109, 349
List the prime factors of 500568.
2, 3, 20857
What are the prime factors of 11296265?
5, 1181, 1913
List the prime factors of 5283111.
3, 739, 2383
What are the prime factors of 2550257?
167, 15271
What are the prime factors of 574945?
5, 7, 16427
What are the prime factors of 1253581?
7, 179083
List the prime factors of 74793.
3, 107, 233
What are the prime factors of 9175466?
2, 53, 86561
What are the prime factors of 369185?
5, 47, 1571
List the prime factors of 11536476.
2, 3, 7, 137339
What are the prime factors of 2979308?
2, 107, 6961
What are the prime factors of 2720055?
3, 5, 13, 29, 37
List the prime factors of 1864779.
3, 7, 88799
List the prime factors of 1210610.
2, 5, 121061
What are the prime factors of 1259850?
2, 3, 5, 37, 227
List the prime factors of 11961804.
2, 3, 29, 37, 929
List the prime factors of 3666509.
7, 11, 17, 2801
What are the prime factors of 173754?
2, 3, 7, 197
What are the prime factors of 3939561?
3, 437729
What are the prime factors of 1245363?
3, 7, 31, 1913
What are the prime factors of 3461128?
2, 11, 37, 1063
List the prime factors of 36363.
3, 17, 23, 31
What are the prime factors of 487524?
2, 3, 40627
What are the prime factors of 18373975?
5, 734959
List the prime factors of 28090700.
2, 5, 11, 25537
List the prime factors of 412872.
2, 3, 17203
List the prime factors of 128475.
3, 5, 571
List the prime factors of 166715.
5, 33343
List the prime factors of 25819.
25819
What are the prime factors of 8329381?
23, 362147
List the prime factors of 6018253.
6018253
What are the prime factors of 2534864?
2, 158429
What are the prime factors of 750850?
2, 5, 15017
List the prime factors of 358023.
3, 131, 911
What are the prime factors of 1053282?
2, 3, 349, 503
What are the prime factors of 48800?
2, 5, 61
What are the prime factors of 10710079?
10710079
List the prime factors of 84405.
3, 5, 17, 331
List the prime factors of 2504856.
2, 3, 104369
What are the prime factors of 6355223?
7, 89, 101
List the prime factors of 4591304.
2, 127, 4519
What are the prime factors of 186384?
2, 3, 11, 353
List the prime factors of 586957.
7, 71, 1181
What are the prime factors of 2165740?
2, 5, 108287
What are the prime factors of 1181761?
7, 79, 2137
What are the prime factors of 4064072?
2, 508009
What are the prime factors of 177586?
2, 88793
What are the prime factors of 19096272?
2, 3, 13, 101
List the prime factors of 10584575.
5, 83, 5101
List the prime factors of 9636889.
9636889
List the prime factors of 494359.
494359
What are the prime factors of 3248047?
11, 295277
List the prime factors of 587038.
2, 41, 7159
What are the prime factors of 5736641?
151, 37991
List the prime factors of 1157793.
3, 7, 13, 4241
What are the prime factors of 24060302?
2, 7, 1718593
List the prime factors of 1456708.
2, 11, 33107
List the prime factors of 1083391.
1083391
List the prime factors of 923928.
2, 3, 137, 281
What are the prime factors of 236803?
7, 33829
List the prime factors of 306509.
7, 43787
List the prime factors of 531884.
2, 132971
What are the prime factors of 355316?
2, 13, 6833
List the prime factors of 6394661.
7, 13, 70271
List the prime factors of 28550982.
2, 3, 103, 46199
What are the prime factors of 5109897?
3, 13, 131023
What are the prime factors of 385059?
3, 37, 3469
List the prime factors of 2799355.
5, 13, 43067
What are the prime factors of 1732459?
83, 20873
List the prime factors of 119963.
119963
What are the prime factors of 9944095?
5, 7, 284117
List the prime factors of 324701.
13, 24977
What are the prime factors of 232572?
2, 3, 19381
What are the prime factors of 1258716?
2, 3, 29, 3617
List the prime factors of 2951128.
2, 97, 3803
What are the prime factors of 326395?
5, 29, 2251
List the prime factors of 47675.
5, 1907
List the prime factors of 12780389.
467, 27367
What are the prime factors of 7991437?
7991437
What are the prime factors of 293936?
2, 18371
What are the prime factors of 896010?
2, 3, 5, 29867
What are the prime factors of 660382?
2, 17, 19423
List the prime factors of 2134036.
2, 533509
What are the prime factors of 5369?
7, 13, 59
What are the prime factors of 716933?
7, 23, 61, 73
What are the prime factors of 600285?
3, 5, 7, 5717
List the prime factors of 10216770.
2, 3, 5, 340559
List the prime factors of 10404847.
10404847
List the prime factors of 3933550.
2, 5, 151, 521
What are the prime factors of 100159?
37, 2707
List the prime factors of 386389.
67, 73, 79
List the prime factors of 2425046.
2, 13, 19, 4909
List the prime factors of 3307498.
2, 1653749
List the prime factors of 7006229.
53, 163, 811
What are the prime factors of 72637?
19, 3823
What are the prime factors of 2204734?
2, 7, 23, 41, 167
What are the prime factors of 979113?
3, 389, 839
What are the prime factors of 3377615?
5, 241, 2803
List the prime factors of 24084772.
2, 23, 261791
What are the prime factors of 2898736?
2, 23, 7877
What are the prime factors of 992815?
5, 29, 41, 167
List the prime factors of 8708845.
5, 17, 29, 3533
List the prime factors of 963304.
2, 120413
List the prime factors of 300297.
3, 31, 3229
What are the prime factors of 378635?
5, 41, 1847
What are the prime factors of 11602942?
2, 13, 17, 26251
What are the prime factors of 7920388?
2, 7, 191, 1481
List the prime factors of 413820.
2, 3, 5, 11, 19
What are the prime factors of 2263238?
2, 47, 24077
List the prime factors of 20491681.
7, 17, 172199
What are the prime factors of 118759?
103, 1153
List the prime factors of 544329.
3, 31, 1951
What are the prime factors of 11113816?
2, 7, 198461
List the prime factors of 18937548.
2, 3, 7, 75149
List the prime factors of 942622.
2, 503, 937
What are the prime factors of 471198?
2, 3, 7, 13, 863
List the prime factors of 925847.
13, 229, 311
List the prime factors of 140782.
2, 43, 1637
What are the prime factors of 6517517?
6517517
List the prime factors of 7536302.
2, 139, 27109
What are the prime factors of 4075952?
2, 254747
What are the prime factors of 368600?
2, 5, 19, 97
List the prime factors of 17665079.
19, 929741
What are the prime factors of 21351699?
3, 191, 12421
List the prime factors of 3580672.
2, 71, 197
List the prime factors of 1398023.
11, 73, 1741
List the prime factors of 1473621.
3, 19, 103, 251
List the prime factors of 4431374.
2, 29, 76403
What are the prime factors of 327053?
251, 1303
What are the prime factors of 10090345?
5, 31, 65099
List the prime factors of 2744473.
29, 101, 937
What are the prime factors of 1097093?
197, 5569
What are the prime factors of 451951?
283, 1597
What are the prime factors of 103074?
2, 3, 41, 419
List the prime factors of 1368106.
2, 684053
What are the prime factors of 33567633?
3, 11, 339067
What are the prime factors of 22492870?
2, 5, 17, 43, 181
What are the prime factors of 2105335?
5, 109, 3863
List the prime factors of 2305592.
2, 288199
List the prime factors of 86718.
2, 3, 97, 149
List the prime factors of 424019.
424019
List the prime factors of 18409.
41, 449
What are the prime factor